= 117*c**2 + 57*c + 170. Determine q(-3).
1052
Let n(t) = 2*t**3 - 73*t**2 - 105*t + 160. Determine n(0).
160
Let j(d) = 10*d**3 + 75*d**2 + 169*d + 29. What is j(-2)?
-89
Let d(l) = 3*l**2 - 35*l + 1842. Determine d(19).
2260
Let m(j) = -610*j + 10155. Determine m(19).
-1435
Let z(g) = -g**2 - 2402*g - 1372168. What is z(-936)?
8
Let i(h) = 2*h**2 + 22142*h + 110702. Calculate i(-5).
42
Let g(o) = -27*o**2 - 8585*o + 8928. Give g(-319).
-4
Let m(b) = 5*b**2 - 1906*b - 206505. Determine m(-88).
-57
Let u(o) = -3309*o - 56704. Determine u(-17).
-451
Let o(w) = -426*w + 37212. Calculate o(87).
150
Let x(u) = -3*u**2 + 752*u - 11840. Determine x(17).
77
Let x(v) = -3096*v - 43. Calculate x(0).
-43
Let o(d) = -d**3 - 247*d**2 - 2166*d - 5699. Calculate o(-238).
13
Let z(o) = -5*o**2 + 141*o - 1218. Calculate z(11).
-272
Let g(s) = -114006*s + 3876227. Calculate g(34).
23
Let p(n) = 626*n + 98927. Give p(-158).
19
Let j(f) = 2*f**2 + 2939*f + 1078799. Calculate j(-756).
-13
Let x(c) = -2*c**3 - 131*c**2 - 1079*c - 12115. Determine x(-58).
7
Let p(i) = 12*i**3 + 63*i**2 - 2045*i - 10279. Calculate p(-5).
21
Let b(p) = -17*p**2 - 948*p - 81. Determine b(-56).
-305
Let k(s) = -3*s**2 + 2160*s + 343313. What is k(-134)?
5
Let r(x) = 6*x**3 - 16*x**2 - 168663*x + 168. Give r(169).
-1
Let w(q) = 7*q**3 + 78*q**2 + 156*q + 1706. Give w(-11).
111
Let r(b) = 680*b - 222490. Give r(328).
550
Let o(n) = -3288*n + 200561. Calculate o(61).
-7
Let q(l) = 14*l + 1778. Calculate q(22).
2086
Let u(d) = 18*d**3 - 82*d**2 - 154*d - 17. Calculate u(6).
-5
Let a(k) = -17*k**2 - 3171*k - 7710. What is a(-184)?
202
Let c(s) = -387*s + 4209. What is c(12)?
-435
Let a(s) = 2*s**3 + 175*s**2 - 1024*s + 354. What is a(-93)?
447
Let j(g) = -3240*g + 294533. Give j(91).
-307
Let z(m) = -292*m**2 + 2*m + 2. Determine z(-1).
-292
Let a(w) = -8*w**2 - 214*w + 728. Give a(-30).
-52
Let j(t) = -t**3 - 22*t**2 - 284*t - 151. What is j(-13)?
2020
Let x(m) = -13*m**3 + 129*m**2 + m - 48. Give x(10).
-138
Let l(d) = -3236*d - 1813. What is l(0)?
-1813
Let s(k) = 24*k**2 + 2*k - 5. What is s(2)?
95
Let r(f) = 100*f + 4373. Give r(-46).
-227
Let r(t) = t**2 - 489*t + 13797. Calculate r(30).
27
Let c(k) = -k**2 - 97*k - 2237. Determine c(-59).
5
Let i(m) = 39*m**2 + 448*m + 510. Determine i(-9).
-363
Let x(a) = -a**2 - 2059*a + 295. Give x(0).
295
Let n(c) = -6307*c - 7019. Calculate n(-1).
-712
Let h(u) = 3*u**3 + 102*u**2 - 425*u - 3465. Give h(-37).
-61
Let p(y) = -y**3 + 186*y**2 - 1091*y + 1898. Determine p(180).
-82
Let l(f) = -45*f**2 + 260*f - 16. What is l(6)?
-76
Let c(n) = -24*n**2 + 2374*n - 23046. Calculate c(88).
10
Let w(t) = -4673*t + 25682. Determine w(5).
2317
Let h(p) = -1638*p**2 - 48766*p + 11213. Calculate h(-30).
-7
Let g(p) = 5*p**2 - 11*p - 238. Give g(-10).
372
Let j(q) = q**3 - 2196*q**2 + 37005*q + 644. Give j(17).
-2
Let s(h) = -19*h**3 + 238*h**2 - 528*h - 25. Determine s(3).
20
Let l(h) = -4388466*h + 17553885. Calculate l(4).
21
Let o(f) = 326*f - 3708. Calculate o(12).
204
Let j(k) = -33*k**3 + 364*k**2 + 6*k - 193. Determine j(11).
-6
Let b(q) = -277*q**2 - 24102*q - 461. Determine b(-87).
-200
Let t(u) = -1006*u - 19512. Determine t(-19).
-398
Let i(a) = -a**2 + 457*a + 41579. What is i(-76)?
1071
Let c(v) = 264*v**2 + 2452*v + 2742. Give c(-8).
22
Let y(q) = 27130*q + 54251. Give y(-2).
-9
Let c(r) = -r**3 + 63*r**2 - 227*r - 350. Give c(59).
181
Let p(n) = 3160*n - 209281. Calculate p(66).
-721
Let t(g) = 14*g**2 + 648*g - 4977. Give t(-53).
5
Let h(b) = -6*b**2 - 62*b - 467. Give h(-12).
-587
Let o(b) = 3*b**3 - 630*b**2 - 1288*b + 3394. Give o(212).
2
Let f(p) = -306*p + 13022. Determine f(42).
170
Let q(b) = 2824*b**2 - 13948*b - 888. What is q(5)?
-28
Let j(s) = -2*s**3 - 46*s**2 - 400*s - 12505. Determine j(-25).
-5
Let j(s) = 9*s**2 - 619*s - 4727. Give j(-8).
801
Let b(x) = 17586*x + 105422. What is b(-6)?
-94
Let m(s) = s**2 - 7788*s - 198. Give m(0).
-198
Let a(t) = -9*t**2 + 219*t + 611. Calculate a(27).
-37
Let w(v) = -2*v**3 - 509*v**2 - 528*v + 58377. What is w(-253)?
-66
Let h(x) = -14*x**2 - 2248*x - 68636. Give h(-41).
-2
Let q(s) = 45*s + 1695. Give q(-43).
-240
Let p(k) = 3*k**3 - 256*k**2 - 704*k - 109. Determine p(88).
-109
Let v(q) = 1027*q + 15721. Give v(-15).
316
Let y(h) = -4*h**2 + 3*h - 1519. What is y(0)?
-1519
Let b(l) = 24254*l + 485057. What is b(-20)?
-23
Let h(c) = 5*c**2 + 462*c - 13365. Determine h(27).
2754
Let f(r) = r**2 - 623*r - 2033207. Calculate f(-1148).
-99
Let b(o) = 529*o + 71. Calculate b(-3).
-1516
Let m(n) = -2*n**2 + 482*n - 17877. What is m(191)?
1223
Let f(t) = t**3 + 20*t**2 - 788*t - 16576. Calculate f(-25).
-1
Let l(m) = 2*m**3 + 8*m**2 - 156*m - 763. What is l(-6)?
29
Let n(k) = -3849*k - 257880. Determine n(-67).
3
Let q(y) = -2*y**2 - 175*y + 331. Calculate q(-89).
64
Let d(p) = -487*p + 18338. Calculate d(39).
-655
Let m(p) = 2*p**2 + 3673*p - 660512. Determine m(165).
-17
Let p(f) = -1692*f - 11312. Calculate p(-6).
-1160
Let v(p) = 1787*p - 387738. What is v(217)?
41
Let r(s) = -29304*s - 1406584. Give r(-48).
8
Let q(i) = 1038725*i - 17658333. What is q(17)?
-8
Let o(d) = -d**2 + 290674*d + 2325453. Calculate o(-8).
-3
Let c(y) = y**2 + 35*y - 1979. What is c(-36)?
-1943
Let m(n) = 8*n**2 + 668*n + 11838. Calculate m(-58).
6
Let h(n) = -13*n**2 + 282*n + 556. What is h(-2)?
-60
Let f(p) = p**3 - 153*p**2 - 951*p - 354. What is f(159)?
123
Let l(c) = 144*c - 3762. Determine l(30).
558
Let r(l) = -27*l**2 + 784*l - 5608. Give r(7).
-1443
Let h(j) = 3*j**3 + 27*j**2 - 175*j + 19. Give h(6).
589
Let i(b) = 3*b**3 - 51*b**2 + 239*b - 3058. Give i(16).
-2
Let f(l) = -l**3 + 2*l**2 - 8575*l - 54. What is f(0)?
-54
Let t(o) = -4*o**2 + 71*o + 7469. What is t(-35)?
84
Let n(c) = -4*c**3 + 48*c**2 - 111*c + 1549. Give n(12).
217
Let y(d) = 1001*d - 191222. Determine y(191).
-31
Let t(z) = -81190*z + 10392324. What is t(128)?
4
Let p(q) = -2*q**2 + 56*q + 2566. What is p(59)?
-1092
Let o(u) = 35*u**3 - 10*u**2 + 71*u - 85. Give o(5).
4395
Let d(a) = 5*a**2 + 836*a + 30351. Give d(-112).
-561
Let b(m) = -2*m**3 - 65*m**2 + 276*m - 63. Determine b(4).
-127
Let c(a) = 2173*a**3 - 280*a**2 + 281*a - 1. Determine c(1).
2173
Let w(j) = -89*j + 20422. Give w(229).
41
Let d(g) = -114*g**2 - 3886*g - 15. Calculate d(-34).
325
Let g(b) = -382*b**2 - 1758*b + 3217. Calculate g(-6).
13
Let l(i) = 2*i**3 - 18*i**2 - 89*i + 232. What is l(13)?
427
Let q(r) = r**2 - 1720. Determine q(42).
44
Let n(r) = -102399*r + 204748. Determine n(2).
-50
Let z(f) = -480*f**2 + 1400*f + 129. Determine z(3).
9
Let r(s) = -s**2 - 16621*s - 547406. Give r(-33).
-2
Let m(n) = -5972*n**2 - 47771*n - 12. Calculate m(-8).
-52
Let d(z) = 2*z**2 - 4002*z - 138428. Determine d(-34).
-48
Let p(l) = -19*l**2 + 107*l - 150. Give p(5).
-90
Let o(d) = -d**3 + 62*d**2 - 186*d + 742. Give o(59).
211
Let n(p) = -5*p**2 - 419*p + 22550. What is n(-121)?
44
Let v(t) = -t**3 + 41*t**2 + 45*t + 152. What is v(42)?
278
Let y(a) = 91*a + 659. What is y(-11)?
-342
Let o(m) = -1812968*m + 19942650. Calculate o(11).
2
Let j(x) = x**2 + 36437*x - 437100. What is j(12)?
288
Let a(f) = f**3 - 55*f**2 + 107*f - 1863. Give a(54).
999
Let z(t) = -13620*t - 27151. Give z(-2).
89
Let x(p) = -14*p**2 + 424*p - 900. Determine x(28).
-4
Let x(a) = -2*a**3 - 33*a**2 + 184*a - 39. Give x(5).
-194
Let v(n) = n**3 - 49*n**2 - 47*n + 2270. Determine v(49).
-33
Let o(p) = -11*p**2 + 1096*p + 11232. Calculate o(109).
5
Let i(z) = z**3 - 22*z**2 + 121*z - 2644. Determine i(23).
668
Let k(z) = z**3 - 25*z**2 + 92*z + 371. Give k(19).
-47
Let o(v) = -6*v**2 + 9737*v - 19482. Calculate o(2).
-32
Let p(s) = -s**3 - 272*s**2 + 826*s + 68. What is p(-275)?
-207
Let x(g) = 2570*g - 25584. Determine x(10).
116
Let k(h) = -h**3 + 51*h**2 - 1056*h + 5095. Give k(7).
-141
Let p(g) = -1549*g - 159541. Calculate p(-103).
6
Let i(y) = -89*y**3 + 675*y**2 + 9*y + 18. What is i(8)?
-2278
Let p(i) = i**3 - 273*i**2 + 3228*i + 39533. Give p(260).
13
Let u(v) = -2*v**2 + 6475*v - 103117. Calculate u(16).
-29
Let j(i) = -732*i - 27601. What is j(-39)?
947
Let h(f) = f**3 + 102*f**2 - 47*f + 5719. What is h(-103)?
-49
Let j(a) = -66*a + 7494. Determine j(123).
-624
Let c(i) = 40854*i - 24499